 Let z = -96 + u. Let d = z - -123. Is d composite?
False
Let p = 4157 - -14616. Is p composite?
False
Suppose t + 0 = 4. Suppose 2*i - t*i = -2198. Is i composite?
True
Let r(v) = -1003*v**3 + v**2 - 1. Let c be r(-1). Suppose 0 = -3*s + t + 606, 5*s + t - 5*t = c. Is s composite?
True
Let k(s) = -2*s - 29. Let j be k(-16). Suppose 3*r - j*l = 117 + 72, -149 = -3*r - 5*l. Is r composite?
True
Suppose -4*s = 4*k + 188, -2*k + s = 2*s + 92. Let r be (-9612)/k + (-2)/(-5). Suppose -4*l = -2*j - r, -2*j - 5 = -3. Is l a prime number?
True
Suppose 15 = 5*t - 4*n, 0 = 2*n - 7*n. Suppose -3*b - b + 10 = 2*u, -t*u = 5*b - 13. Suppose -29 - 13 = -b*v. Is v prime?
False
Suppose 8*y = 2279 + 34977. Is y a prime number?
True
Let m be (-2)/(-4 + -4 + 10). Let b(d) = 250*d**2 + 1. Is b(m) a prime number?
True
Suppose 4*k + 2*t = -1210, -5*t + 15 = -0. Let a = 1241 + k. Is a composite?
False
Let u = 205364 - 120261. Is u composite?
False
Suppose -5*n - n = -29166. Is n prime?
True
Let o(j) = -3*j - 4. Let g be o(-6). Let h(x) = 38*x - 33. Is h(g) a prime number?
True
Suppose s + 6 = -4*u - 3, -5*s - 9 = 2*u. Is (-1)/u + -1 + (-91)/(-14) a prime number?
False
Let c = 9861 - 4348. Is c composite?
True
Is ((-4611)/(-6) - -4)*2/3 a composite number?
True
Suppose -4*n + 1622 = 3*l - 765, -l + n + 798 = 0. Is l a prime number?
True
Let v = -23 - -17. Is v/16 + 9046/16 a prime number?
False
Is 4/(-12) - (0 + 24296/(-6)) composite?
False
Is (-9438660)/(-1836) - 2/(-17) a composite number?
True
Suppose 0 = 3*j + 3665 - 13208. Suppose -5*o + 3*o = 5*k - j, 5*k - 3172 = o. Is k composite?
True
Suppose -2*l + 3 + 3 = 0. Suppose -321 = -0*j - 2*j - d, l*j - 481 = -2*d. Is j a prime number?
False
Let d(y) = -2748*y - 5. Let g be d(-1). Is -4*g/26*(-2)/4 a composite number?
False
Suppose 4*k = 4*x - 288, -2*x - k = 2*k - 149. Suppose -3*d + 272 = 2*p, -p + 5*d + 89 + x = 0. Is p a prime number?
False
Let f = -320 + 571. Is f a prime number?
True
Let s be (-1)/(-1*4/24). Suppose s*t - 2260 = t. Suppose 3*j = -j + t. Is j a composite number?
False
Suppose 66*p = 72*p - 6438. Is p a prime number?
False
Suppose 2*b + 2*b = 32. Suppose c = -2*v + 25, -v = -5*v + 4*c + 32. Let t = b + v. Is t composite?
False
Suppose 8006 = -3*k - 4*b, 0 = 5*k - k - 5*b + 10654. Let h = -1779 - k. Is h prime?
True
Let t(f) be the first derivative of -f**4/4 - 4*f**3 - 13*f**2/2 + 15*f - 21. Is t(-14) prime?
False
Let m be -3*(-20)/12*35. Suppose -795 = -2*f + m. Is f composite?
True
Let p = -42 - -57. Is (-2170)/p*-12 - 1 a prime number?
False
Is 2/(-16) + (-5404113)/(-264) + -3 composite?
True
Let g be -2*((2 + 0)*1 + -1). Let u = g + 55. Is u prime?
True
Is (-34)/238 + 220284/7 prime?
True
Suppose -16*b + 29883 - 2987 = 0. Is b a prime number?
False
Suppose 4*b = 4*o + o + 45016, -5*b = 2*o - 56237. Is b prime?
False
Suppose w + 5 = 3*n, -7*w - 25 = 3*n - 2*w. Suppose -5*p = -2*p - 2*v - 4631, n = 4*p + v - 6160. Is p a prime number?
False
Let n(t) = 37*t**2 - 4*t - 4. Let a be n(-5). Suppose -8*z = -a - 2939. Is z composite?
True
Suppose -1647 = -b + 5*g, -4*b + 3063 = -4*g - 3557. Is b composite?
False
Suppose 4*y + 13 - 5 = 0. Is ((-2)/4)/(y/2452) composite?
False
Let r(f) = -f**2 + 8*f - 10. Let m be r(5). Suppose 3*x - 7823 = -q, 0 = m*x + 5*q - q - 13029. Is x prime?
True
Let h(j) = 4343*j - 2. Is h(1) composite?
True
Suppose 0 = -14*t + 46*t - 206944. Is t composite?
True
Let d be (-1)/4 - 27366/(-24). Suppose -5*l - d = -5*q, 3*q - 8*q - 4*l = -1095. Is q prime?
True
Let w(h) = h**2 - 14*h - 21. Let m be w(15). Let g(z) = 11*z**2 - 27*z - 6. Let s(y) = 4*y**2 - 9*y - 2. Let u(x) = m*g(x) + 17*s(x). Is u(5) prime?
True
Let b = 255 - 152. Is 0*(-2)/6*-3 + b a prime number?
True
Suppose z - 4*g - 6 = 4, 40 = -2*z - 4*g. Let s(q) be the first derivative of -65*q**2/2 - 21*q - 205. Is s(z) composite?
True
Let f = 59579 + -30028. Is f a composite number?
True
Let u(c) = 14*c**2 - 22*c - 23. Is u(-17) a composite number?
False
Let m(j) = 267*j**3 - 5*j**2 + 30*j - 11. Is m(5) prime?
False
Let l(v) = -v**3 - 2*v**2 - 15*v + 35. Is l(-9) prime?
False
Let b be 1/(-3) + (-3)/(-9). Suppose b = 2*y - 2*r - 76, -2*r = 5*y - 5*r - 184. Is 8/(-14) - (-755)/y a prime number?
False
Let m(p) = p - 7. Let v be m(11). Let x(h) = -5*h**3 + 3 + 4*h**3 - v*h**2 + 5 + 2 - 6*h. Is x(-8) composite?
True
Let c(b) = -114*b + 9. Let y be c(10). Suppose 0*z = -4*l + 2*z - 7240, -4*z = -16. Let f = y - l. Is f composite?
False
Let s(p) = -p**2 - 6*p - 6. Let z be s(-6). Let b(d) = 16*d**2 - 8*d + 5. Is b(z) a prime number?
False
Let s = -2334 - -4489. Is s prime?
False
Let q(h) = -4*h**2 + 7*h - 3. Let t be q(8). Let s = t + 490. Is s a prime number?
False
Suppose -2*w + 10 = -0*w. Let j(b) = -b**2 - 7*b - 3. Let l be j(-6). Suppose -w*t + 267 = l*n, -3*n = -2*t + 171 - 438. Is n a composite number?
False
Suppose 2*d - 3 = 3. Is 370 - (0 + (0 - d)) composite?
False
Suppose -2*x + 40536 = -a, 4*x - 41*a + 45*a - 81084 = 0. Is x a prime number?
True
Is 47/(-282) + (-15110)/(-12) composite?
False
Let j = 109 + 324. Let u = j - 100. Let i = u + -172. Is i a composite number?
True
Let g = 4281 + -1458. Is g composite?
True
Let r(q) = 100*q**3 - 6*q**2 + 5*q + 3. Let i be r(4). Suppose 0*w = -9*w + i. Is w a composite number?
True
Suppose 7*m - 4 = 11*m, 4181 = -5*v - m. Is v/(-57) + 2/(-3) a prime number?
False
Is 2/15 - 2827669/(-195) a prime number?
False
Let a(c) = -c**3 - 12*c**2 - 11. Let h be a(-12). Let x = 43 + h. Let w = 126 + x. Is w composite?
True
Suppose 4*a = -8*a + 2676. Is a prime?
True
Let q = -9 + 11. Let l be q/((-4)/(-1962)) + 2. Suppose g + 4*k - l = 0, 2*g + 3*k = -3*g + 4898. Is g composite?
True
Let p(n) = n**3 + 8*n**2 - n - 6. Let g be p(-8). Suppose t - 2*t = -g, -2*t + 19 = 3*l. Suppose 658 = l*s - 587. Is s composite?
True
Let o(p) = -p**3 + 15*p**2 - 9*p - 10. Let y be (-1044)/(-84) - 8/(-14). Is o(y) composite?
False
Let m = -67380 + 98363. Is m a composite number?
False
Suppose 2*j + 3*h = 2*h - 36, -2*j - 2*h - 34 = 0. Let x = 0 - j. Is x composite?
False
Let a = -436 - -887. Is a a prime number?
False
Suppose 2*k + 13918 = 4*k. Is k composite?
False
Suppose 293*l - 288*l - 166435 = 0. Is l composite?
False
Is ((-30)/(-12))/((-20)/(-220888)) prime?
True
Suppose 5*p = p + 16. Suppose p*x = 4535 + 1605. Is x a composite number?
True
Let a be (-1)/(-4) + (-4)/16. Let b be 1099 + 2 - -4 - a. Suppose 8*w = 3*w + b. Is w a prime number?
False
Is (3/18)/(50/10868700) prime?
True
Suppose -3*g = 15852 - 57051. Is g a prime number?
False
Let k be 24/(-2)*93/(-279). Let a(n) = 11*n**2 - 10*n - 6. Let j(b) = -6*b**2 + 5*b + 3. Let d(g) = -6*a(g) - 13*j(g). Is d(k) composite?
True
Let c(h) be the third derivative of -h**5/60 + 5*h**4/8 + 2*h**3 - 8*h**2. Let r be c(15). Suppose -1 = -a + o + r, 61 = 5*a - 4*o. Is a composite?
True
Let m(l) = l**2 + 13*l + 7. Let p be m(-15). Let s = 179 - 101. Let u = s + p. Is u a prime number?
False
Suppose -38442 = 41*a - 259063. Is a a prime number?
True
Let v be (670/1)/(6 + -7). Let m = -3418 - -2389. Let h = v - m. Is h a prime number?
True
Let t(x) = -x**3 - 9*x**2 + 3. Let f be t(-9). Is 1/1 - f*-106 prime?
False
Let u = 3448 + -1501. Suppose -3*q + u = -2*d, -349 = q + 5*d - 1015. Suppose 20*h = 17*h + q. Is h a prime number?
False
Let j = 339 + -48. Let c = j + -170. Is c composite?
True
Suppose -3 = 5*n - 28, -2*n + 841 = 3*j. Suppose 199 = 4*t - j. Is t prime?
False
Suppose -3*t - 5470 = -4*y - 2*t, -3*y + t + 4103 = 0. Is y a composite number?
False
Let m = 1588 + -966. Is m composite?
True
Let i = -638 + 1111. Suppose -i = -3*g + 196. Is g a composite number?
False
Let a be 1 + 0/2 - -4. Suppose -18 = -a*i - 2*m, -m - 18 = -i - 5*m. Suppose 4*r - h = 1336, 7*r - i*r + 4*h = 1691. Is r prime?
False
Let m(g) be the third derivative of -g**4/24 - 15*g**2. Let j be m(-4). Suppose 3*b = -j*w + 1647, 0 = b + 2*b - 4*w - 1671. Is b composite?
True
Suppose -15*r = -6*r - 33147. Is r a prime number?
False
Let c = -14 + 51. Let z = 66 + 126. Suppose u - z = -c. Is u composite?
True
Let j(m) = 9*m**3 - 3*m**2 - 18*m + 11. Is j(6) a prime number?
False
Is 2*5181/44*4/6 composite?
False
Is 7 + -10 + 4114 - 6 prime?
False
Suppose 2*u = 6*u - 4956. Let i = -608 +